1 is divided by 1121?
848
What is the remainder when 458364 is divided by 52?
36
Calculate the remainder when 51556 is divided by 10308.
16
Calculate the remainder when 947171 is divided by 63138.
101
What is the remainder when 886666 is divided by 63331?
32
Calculate the remainder when 677171 is divided by 39707.
2152
Calculate the remainder when 14961545 is divided by 4987080.
305
Calculate the remainder when 23239471 is divided by 427.
423
Calculate the remainder when 6401185 is divided by 1342.
1187
What is the remainder when 57566510 is divided by 2155?
2150
Calculate the remainder when 5200855 is divided by 11635.
10
What is the remainder when 935286 is divided by 889?
58
What is the remainder when 4839069 is divided by 50406?
93
Calculate the remainder when 18564982 is divided by 549.
547
What is the remainder when 23022 is divided by 11456?
110
What is the remainder when 70698985 is divided by 51157?
11
Calculate the remainder when 14096 is divided by 1527.
353
Calculate the remainder when 11073990 is divided by 842.
6
Calculate the remainder when 39496664 is divided by 1462838.
38
Calculate the remainder when 570028 is divided by 570014.
14
Calculate the remainder when 59833 is divided by 28005.
3823
Calculate the remainder when 39589 is divided by 2815.
179
Calculate the remainder when 67872 is divided by 703.
384
Calculate the remainder when 120864 is divided by 60173.
518
What is the remainder when 2342471 is divided by 1756?
1723
What is the remainder when 76062 is divided by 38014?
34
What is the remainder when 8772251 is divided by 2193011?
207
What is the remainder when 2512573 is divided by 22?
19
Calculate the remainder when 92905924 is divided by 92905915.
9
What is the remainder when 214719 is divided by 716?
635
Calculate the remainder when 138986 is divided by 5938.
2412
What is the remainder when 4663842 is divided by 1685?
1447
Calculate the remainder when 722992 is divided by 1114.
6
Calculate the remainder when 8776417 is divided by 852.
817
Calculate the remainder when 806081 is divided by 1200.
881
What is the remainder when 16085 is divided by 765?
20
Calculate the remainder when 54979 is divided by 218.
43
Calculate the remainder when 4405930 is divided by 2202964.
2
Calculate the remainder when 631969 is divided by 253.
228
What is the remainder when 3517205 is divided by 2063?
1853
Calculate the remainder when 224015427 is divided by 5247.
9
What is the remainder when 81978288 is divided by 2854?
2846
Calculate the remainder when 38991 is divided by 12667.
990
What is the remainder when 15161546 is divided by 3050?
3046
What is the remainder when 236894 is divided by 78806?
476
What is the remainder when 40943 is divided by 13645?
8
What is the remainder when 33782 is divided by 1377?
734
Calculate the remainder when 4212960 is divided by 1053240.
0
What is the remainder when 1926728 is divided by 175143?
155
What is the remainder when 4175258 is divided by 2087584?
90
Calculate the remainder when 3321075 is divided by 184.
59
What is the remainder when 1006974 is divided by 35960?
94
Calculate the remainder when 446120 is divided by 83.
78
What is the remainder when 16107412 is divided by 62?
60
Calculate the remainder when 1824849 is divided by 1890.
999
What is the remainder when 368681 is divided by 59?
49
Calculate the remainder when 1739530 is divided by 12337.
13
Calculate the remainder when 31196 is divided by 14973.
1250
What is the remainder when 28544 is divided by 28469?
75
Calculate the remainder when 27904 is divided by 1478.
1300
What is the remainder when 2639454 is divided by 772?
758
Calculate the remainder when 6745003 is divided by 153.
151
Calculate the remainder when 91962783 is divided by 22.
11
Calculate the remainder when 420242 is divided by 144.
50
What is the remainder when 126534570 is divided by 47?
42
Calculate the remainder when 28692170 is divided by 62.
58
What is the remainder when 1877844 is divided by 156487?
0
What is the remainder when 19948894 is divided by 1559?
1489
Calculate the remainder when 160000 is divided by 2539.
43
What is the remainder when 56307 is divided by 1610?
1567
What is the remainder when 487583 is divided by 6310?
1713
Calculate the remainder when 81191834 is divided by 135.
134
Calculate the remainder when 10404 is divided by 6296.
4108
What is the remainder when 4025158 is divided by 71876?
102
What is the remainder when 115253934 is divided by 1516499?
10
What is the remainder when 2748365 is divided by 2732?
2705
What is the remainder when 949893 is divided by 2691?
2661
What is the remainder when 1735972 is divided by 111?
43
Calculate the remainder when 324928 is divided by 1250.
1178
Calculate the remainder when 12722578 is divided by 130.
128
What is the remainder when 3499700 is divided by 1357?
1354
What is the remainder when 2797946 is divided by 26149?
3
What is the remainder when 609361 is divided by 304674?
13
Calculate the remainder when 9218 is divided by 2765.
923
What is the remainder when 417869 is divided by 531?
503
What is the remainder when 33909761 is divided by 8477436?
17
Calculate the remainder when 17881063 is divided by 735.
718
What is the remainder when 24639402 is divided by 6159848?
10
Calculate the remainder when 108719 is divided by 6295.
1704
What is the remainder when 16433682 is divided by 413?
412
Calculate the remainder when 154433274 is divided by 43295.
9
Calculate the remainder when 16055447 is divided by 1235032.
31
What is the remainder when 6263405 is divided by 35?
15
What is the remainder when 10014904 is divided by 910444?
20
What is the remainder when 56583729 is divided by 3315?
3309
Calculate the remainder when 38365 is divided by 498.
19
What is the remainder when 10341760 is divided by 4768?
4736
What is the remainder when 18566 is divided by 1685?
31
Calculate the remainder when 147549 is divided by 147222.
327
Calculate the remainder when 13412067 is divided by 108161.
103
What is the remainder when 264262 is divided by 18860?
222
What is the remainder when 33217134 is divided by 3586?
16
What is the remainder when 44869 is divided by 21088?
2693
Calculate the remainder when 183388 is divided by 4852.
3864
Calculate the remainder when 662206 is divided by 66218.
26
Calculate the remainder when 6485093 is divided by 18.
17
What is the remainder when 137995 is divided by 45971?
82
What is the remainder when 1055554 is divided by 427?
10
Calculate the remainder when 73682 is divided by 134.
116
Calculate the remainder when 3002867 is divided by 2014.
2007
What is the remainder when 56977137 is divided by 12?
9
Calculate the remainder when 38541728 is divided by 31.
17
What is the remainder when 476224 is divided by 237615?
994
What is the remainder when 2263883 is divided by 377304?
59
Calculate the remainder when 162950 is divided by 6096.
4454
Calculate the remainder when 142935620 is divided by 5338.
5332
What is the remainder when 11207187 is divided by 919?
901
What is the remainder when 1260248 is divided by 209981?
362
What is the remainder when 452071 is divided by 446?
273
Calculate the remainder when 51696141 is divided by 275.
266
Calculate the remainder when 720507 is divided by 251.
137
What is the remainder when 36534658 is divided by 12178194?
76
Calculate the remainder when 1558487 is divided by 2394.
2387
What is the remainder when 332718 is divided by 186?
150
Calculate the remainder when 12631269 is divided by 873.
705
What is the remainder when 4046428 is divided by 3821?
3810
What is the remainder when 263258 is divided by 43844?
194
What is the remainder when 146666 is divided by 3187?
64
What is the remainder when 4580992 is divided by 4580937?
55
What is the remainder when 464342 is divided by 22?
10
What is the remainder when 788110 is divided by 2031?
82
Calculate the remainder when 1845499 is divided by 2511.
2425
Calculate the remainder when 181947248 is divided by 27.
26
Calculate the remainder when 2485 is divided by 1221.
43
Calculate the remainder when 54003970 is divided by 1500110.
10
Calculate the remainder when 562015 is divided by 62183.
2368
What is the remainder when 251465 is divided by 25133?
135
What is the remainder when 36149 is divided by 11273?
2330